. Let o be y(b). Let u(q) = 3*q**2 - 6. What is the tens digit of u(o)?
2
Let o(u) = 2*u. Let y be o(5). What is the units digit of 8 - y - 344/(-2)?
0
Let g = -1168 + 2434. What is the hundreds digit of g?
2
Suppose 124*m = 128*m + 4. What is the units digit of (-10)/(30/12 - (4 + m))?
0
Suppose 140*h - 145*h = -1375. What is the tens digit of h?
7
Suppose -4*z + 28*h - 27*h + 22449 = 0, 2*h + 16843 = 3*z. What is the tens digit of z?
1
Suppose 1283 = 3*v - 4*m, -v - 67 = -5*m - 480. What is the units digit of v?
3
Suppose 0 = 5*q + j - 372 - 2499, 3*q = 5*j + 1745. What is the tens digit of q?
7
Let z(m) = 7*m**2 + 4. Let c(f) = -6*f**2 - f - 4. Let k(p) = -5*c(p) - 4*z(p). What is the units digit of k(-1)?
1
Suppose -3*k = -12 + 18, -2*x - 2*k - 26 = 0. Suppose -4*i + 4*y = 152, i - y + 73 = -i. Let d = x - i. What is the tens digit of d?
2
Let b(f) = 61*f**2 + 13. What is the units digit of b(-6)?
9
Let r(b) = b**3 + 7*b**2 - 9*b - 17. What is the units digit of r(10)?
3
Let g be 23/7 + (-22)/77. Suppose -3*c + c + 208 = g*t, -143 = -2*t + 3*c. What is the units digit of t?
0
Let o be ((-63)/27)/((-1)/9). What is the tens digit of (o/6)/(7/70)?
3
Let v be -4*(-1)/12*-3. Let r(x) = 19*x - 2. Let w be r(v). Let k = -10 - w. What is the tens digit of k?
1
Let x be (-1)/(0 - 5/20). Suppose 280 = 3*o - 2*w, 0 = 3*o + x*w - 391 + 105. What is the tens digit of o?
9
Suppose -4*n + 1868 = 4*a, 0*n + n - 465 = -3*a. Suppose 5*o - n = -33. Suppose 5*h + 12 = o. What is the tens digit of h?
1
Suppose 4*j = 392 + 320. What is the units digit of j?
8
What is the units digit of 398 - (-4 - -11 - 14)?
5
Suppose 0 = -2*k + 4, -3*x - 2136 = -7*x + 2*k. Suppose 6*m - x = m. Let z = -76 + m. What is the tens digit of z?
3
Let f be ((-5)/3 + 2)/(11/165). Suppose -w + 2*v + 200 = 3*v, 4*v = f*w - 991. What is the hundreds digit of w?
1
Let g(x) = x**2 + 24*x + 82. Let y be g(-15). Let o(i) = 7*i**3 - i**2 + 1. Let f be o(-1). Let u = f - y. What is the tens digit of u?
4
Let v = -25 + 396. What is the tens digit of v?
7
Let c = 411 - 194. What is the units digit of c?
7
Let j(f) be the third derivative of -55*f**4/24 + f**3/3 - 3*f**2. What is the units digit of j(-1)?
7
Suppose 22 = -0*t + 2*t. What is the tens digit of t/(-22)*194/(-1)?
9
Suppose 0 = 7*a + 10*a - 119. Suppose -a*c + 12*c = 1675. What is the units digit of c?
5
Let a(q) = -60*q + 52. What is the units digit of a(-11)?
2
Let w(a) = 2*a + 17. Suppose 5*p = -40 + 10. Let c be w(p). Suppose 4*q = -c*z + 140 + 69, 4*z = -q + 55. What is the units digit of q?
1
Suppose 14890 + 28496 = 21*f. What is the hundreds digit of f?
0
Let c be 126/(-15)*(-225)/18. Suppose 5*w - c - 32 = -4*v, 2*w = v + 60. Let r = w - 4. What is the units digit of r?
5
Suppose -4*q - 2906 = -5*o - 2*q, 3*o = q + 1743. What is the units digit of o?
0
Let a = 99 + -62. Let f = a - -74. What is the units digit of f?
1
Suppose 0 = -3*r - r + 456. Let v be (-4)/(-8)*1*r. Suppose 0 = -4*q + v + 95. What is the tens digit of q?
3
Let h = 655 + 1094. What is the hundreds digit of h?
7
Suppose -i + 6*i = -3*b - 104, -b - 4*i - 30 = 0. Let t = 119 + b. What is the tens digit of t?
8
Suppose -24 = -0*u - 4*u. Suppose -130 = -2*b - 4*s, u*s - 4*s + 313 = 5*b. What is the units digit of b?
3
Suppose -l - 45 = 4*m - 266, 5*l - 1059 = 3*m. Let r = 298 - l. What is the units digit of r?
5
Let i(f) = 4*f**2 + 5*f - 9. Let n be -4 + 9 + (-4 - -2). What is the tens digit of i(n)?
4
Suppose 5*f - 6261 = -2*d, -2*f + 5*d + 2943 = 456. What is the units digit of f?
1
Let k be ((-261)/(-2))/9*6. What is the units digit of (1 - 0)/(1/k)?
7
Let r(i) = i**2 - 14*i + 42. Let d = -31 + 48. What is the tens digit of r(d)?
9
Let n(x) = -x**3 + 15*x**2 - 7*x + 20. What is the units digit of n(14)?
8
Suppose 14*f = 13269 - 3133. What is the tens digit of f?
2
What is the units digit of (-1 + 27/45)/(2/(-11650))?
0
Let r be 304/72 - (-4)/(-18). Let p(z) = 0*z**2 + z**3 - 5 - 4*z**2 + 7*z + 1. What is the units digit of p(r)?
4
Suppose 12 = p + 2*p. Suppose -p*a = -122 - 262. What is the units digit of (a/(-28))/((-2)/14)?
4
Suppose -7*r + 11184 = -3992. What is the tens digit of r?
6
Let b be 450/55 - 6/33. Suppose -v = -0*v - b. What is the units digit of v?
8
Let w be 4/20 - (-244)/5. Let h be (-1 - w)/((-13)/26). Suppose -h = -6*k + k. What is the tens digit of k?
2
Let x(f) be the third derivative of f**4/12 - f**3/6 - 2*f**2. Let l be 10*2/4 - -2. What is the tens digit of x(l)?
1
Let q(n) = 2*n**2 - 9*n. Let s be q(6). Let l = s - 15. What is the tens digit of (-39)/(45/(-10) + l)?
2
Let c be (12/(-9))/(-2) + (-4)/(-3). Suppose c*u = -5*d + 537, -4*d + 3*u + 230 = -2*d. What is the hundreds digit of d?
1
Let g(b) = 5*b - 7. Let w be (-1 - -2) + (0 - -5). Let h be g(w). Let k = -12 + h. What is the tens digit of k?
1
Suppose -5*i = 2*t - 9, 5*i = -4*t + 3*i + 10. Suppose 5*z = -6*v + 2*v + 72, -z = -t*v - 6. What is the units digit of z?
2
Let w(n) = 19*n**2 + n**3 - 2*n**3 - 44 + 3*n + 18 + 25. What is the units digit of w(19)?
6
Let y(t) = -t - 5 + 7 - 4*t**2 - 6*t**3 + 3 - 1. What is the tens digit of y(-2)?
3
What is the tens digit of (-82)/((0 - 1)*7/21)?
4
Suppose -26*w - 1 = -27*w. Let f(n) = 111*n**3 + n - 2. What is the units digit of f(w)?
0
What is the tens digit of (622/1)/(11*(-2)/(-11))?
1
Suppose 15*v - 17*v = -48. What is the units digit of ((-2)/((-32)/44))/(2/v)?
3
Let c = 210 + 659. What is the units digit of c?
9
Let i be (-2)/12 - 3707/(-66). Let m be i/(1 + 0/1). Suppose -f - 3*f + m = 0. What is the units digit of f?
4
Suppose 0 = -3*r + 3*q + 81, -16*q + 14*q = 4. Suppose -320 = -r*t + 21*t. What is the units digit of t?
0
Suppose 3*y + 3*l = 18, -3*y - l + 8 = -4. Suppose -y*p = -5*p + 48. What is the units digit of p?
4
What is the units digit of (1 + -12)*(-11)/((-132)/(-996))?
3
Let r(i) = 19*i**2 + 4. What is the hundreds digit of r(-9)?
5
Let m = -41 + 73. Suppose s = -22 + m. What is the units digit of s?
0
Let g be (-2)/(-11) - 3601/143. What is the tens digit of ((-20)/g - 4)/((-2)/20)?
3
Suppose 331*x + 29447 = 342*x. What is the hundreds digit of x?
6
Let x(n) = n + 140. What is the tens digit of x(35)?
7
Suppose -t = -4*i - 3, -5*t - 4*i = -0*i - 39. Suppose 0 = -5*f + t*f - 12. Suppose 0*a = 3*a - f. What is the units digit of a?
2
What is the tens digit of -6 - (-15510)/99*18/5?
5
Suppose -2505 = -4*l + a, -2*l - 4*a = 2*l - 2480. Suppose -3*u + 3*o = 8*o - l, 5*u = 4*o + 980. What is the tens digit of u?
0
Let b(u) = u - 5. Let q be b(-5). Let l be (24/q)/((-16)/880). Suppose -2*i = -l + 34. What is the units digit of i?
9
Suppose -2*h = -j, 5*j = 2 - 12. Let z be (0 - h) + (4 - -1). Suppose 3*r + x = 123, -z*x + 2*x = -3*r + 138. What is the units digit of r?
2
Let y(h) = h**3 - 18*h**2 - 14*h - 31. Let l be y(18). Let w = l - -439. What is the hundreds digit of w?
1
Suppose -4*z + 4*x = 8 + 12, -x + 5 = 5*z. Suppose z*l - 55 = -5*l. What is the units digit of l?
1
Let j(u) = -u**2 - 8*u + 3. Let t be j(-8). Suppose -8 = -t*m + 7*m. What is the tens digit of -2 + m + 5 + 12?
1
Suppose 3*d = -d + 12. Suppose 210 = -d*v - q - 2*q, -4*q + 20 = 0. What is the units digit of 6/((-2)/v*5)?
5
Let h(b) be the second derivative of b**5/20 + 2*b**3/3 + 73*b**2/2 - 33*b. What is the tens digit of h(0)?
7
Let p = -187 - -698. What is the hundreds digit of p?
5
Let s(r) = 2*r + 44. Let q be s(-19). Suppose -q*l = 6*l - 108. What is the units digit of l?
9
Let h be 120/36*18/10. Let w(g) = g**3 - 4*g**2 - 7*g + 4. What is the tens digit of w(h)?
3
Let p = 15 + -12. Let n(w) = 7*w + 4 - p - 11*w. What is the units digit of n(-2)?
9
Let y(m) = -2*m**2 + 4*m. Let q(h) = h**2 - h. Let j(v) = -7*q(v) - 2*y(v). Let z be j(1). Let c(t) = t**3 + 4*t**2 - t + 2. What is the units digit of c(z)?
6
Let x be 0 - (95 - (-7 - -3)). Let b = x - -172. What is the units digit of b?
3
Let i be 2 - ((-2)/(-6) - (-42)/(-18)). Suppose 0 = -4*l + 5*h + 342, -3*l - i*h = -127 - 145. What is the tens digit of l?
8
What is the hundreds digit of -2*(-1)/8 + (-5326)/(-8)?
6
Let s be (-1)/(-6) + (-319)/(-66). Suppose -s*d - 6*d = -99. What is the units digit of d?
9
Let c = -956 + 2578. What is the thousands digit of c?
1
Let a(i) = -7*i**2 + i. Let